ghest common factor of 1474 and 1206?
134
Calculate the greatest common divisor of 896 and 616.
56
What is the highest common factor of 261 and 1595?
29
Calculate the highest common factor of 190 and 5795.
95
Calculate the greatest common factor of 6 and 9.
3
What is the greatest common factor of 20 and 200?
20
What is the highest common divisor of 432 and 408?
24
Calculate the highest common divisor of 30 and 48.
6
Calculate the highest common factor of 144 and 9.
9
Calculate the greatest common factor of 39 and 3939.
39
Calculate the highest common divisor of 3465 and 1323.
63
What is the greatest common factor of 36 and 348?
12
Calculate the greatest common factor of 9135 and 957.
87
Calculate the greatest common divisor of 23 and 1403.
23
Calculate the highest common factor of 25 and 3.
1
Calculate the highest common factor of 18 and 42.
6
Calculate the greatest common factor of 18 and 369.
9
Calculate the highest common divisor of 275 and 2875.
25
What is the greatest common factor of 7412 and 68?
68
Calculate the highest common divisor of 9171 and 3.
3
Calculate the greatest common divisor of 169 and 26.
13
What is the greatest common divisor of 19 and 551?
19
Calculate the greatest common divisor of 12 and 516.
12
What is the greatest common divisor of 10 and 490?
10
What is the highest common factor of 325 and 455?
65
What is the greatest common divisor of 1152 and 45?
9
Calculate the highest common divisor of 4981 and 153.
17
What is the highest common factor of 16 and 352?
16
Calculate the greatest common divisor of 420 and 3630.
30
What is the greatest common factor of 19994 and 26?
26
Calculate the greatest common divisor of 125 and 175.
25
What is the greatest common divisor of 27 and 243?
27
What is the greatest common divisor of 36 and 477?
9
What is the highest common factor of 1156 and 680?
68
What is the greatest common factor of 24 and 84?
12
Calculate the greatest common factor of 1712 and 96.
16
Calculate the greatest common divisor of 1212 and 80.
4
What is the highest common divisor of 27 and 4941?
27
Calculate the highest common divisor of 44 and 704.
44
Calculate the greatest common factor of 253 and 1150.
23
What is the greatest common factor of 10 and 820?
10
Calculate the highest common divisor of 16536 and 24.
24
Calculate the greatest common divisor of 1781 and 1644.
137
Calculate the greatest common factor of 4116 and 2436.
84
Calculate the greatest common divisor of 36 and 234.
18
Calculate the highest common divisor of 342 and 266.
38
What is the highest common divisor of 3302 and 312?
26
Calculate the highest common divisor of 1379 and 14.
7
Calculate the highest common factor of 115 and 50.
5
What is the highest common divisor of 681 and 3?
3
Calculate the greatest common factor of 15 and 357.
3
Calculate the highest common divisor of 74 and 4736.
74
What is the greatest common factor of 1680 and 135?
15
What is the highest common divisor of 143 and 99?
11
Calculate the highest common factor of 128 and 608.
32
Calculate the highest common divisor of 60 and 864.
12
What is the highest common divisor of 216 and 49464?
216
What is the highest common divisor of 5684 and 980?
196
Calculate the greatest common factor of 427 and 366.
61
What is the highest common divisor of 168 and 90888?
168
What is the highest common divisor of 243 and 513?
27
Calculate the highest common factor of 141 and 47.
47
What is the greatest common factor of 58 and 446?
2
Calculate the highest common divisor of 795 and 35.
5
Calculate the highest common factor of 178 and 178.
178
What is the greatest common factor of 418 and 154?
22
Calculate the greatest common divisor of 505 and 7171.
101
What is the highest common factor of 5508 and 408?
204
What is the greatest common factor of 280 and 3290?
70
What is the greatest common factor of 3692 and 312?
52
Calculate the highest common divisor of 140 and 51660.
140
What is the greatest common factor of 1023 and 231?
33
Calculate the greatest common divisor of 3591 and 532.
133
What is the greatest common factor of 160 and 430?
10
Calculate the highest common factor of 2784 and 87.
87
What is the greatest common divisor of 8 and 11?
1
Calculate the highest common factor of 896 and 11872.
224
What is the greatest common factor of 78 and 234?
78
What is the greatest common divisor of 559 and 86?
43
Calculate the highest common factor of 30 and 1290.
30
Calculate the highest common divisor of 18 and 774.
18
What is the greatest common factor of 24 and 144?
24
What is the greatest common divisor of 30 and 1005?
15
Calculate the greatest common factor of 828 and 23.
23
What is the greatest common factor of 10 and 580?
10
Calculate the greatest common divisor of 102 and 2346.
102
Calculate the highest common divisor of 12861 and 9.
9
Calculate the highest common factor of 6293 and 2387.
217
Calculate the highest common divisor of 20 and 32.
4
Calculate the greatest common divisor of 40 and 33080.
40
Calculate the greatest common factor of 333 and 555.
111
What is the greatest common divisor of 372 and 156?
12
Calculate the greatest common divisor of 294 and 66.
6
What is the greatest common divisor of 61 and 2623?
61
What is the greatest common divisor of 49 and 6811?
49
What is the highest common factor of 799 and 188?
47
Calculate the highest common divisor of 2997 and 74.
37
Calculate the greatest common divisor of 9 and 1737.
9
Calculate the greatest common factor of 160 and 64.
32
Calculate the greatest common divisor of 324 and 96.
12
What is the highest common factor of 160 and 20200?
40
Calculate the highest common factor of 96 and 432.
48
What is the highest common factor of 40 and 220?
20
What is the greatest common factor of 1070 and 250?
10
Calculate the highest common factor of 184 and 56.
8
Calculate the highest common divisor of 663 and 153.
51
Calculate the highest common divisor of 20083 and 38.
19
Calculate the highest common divisor of 92 and 9706.
46
What is the greatest common divisor of 19984 and 16?
16
What is the highest common divisor of 81 and 2511?
81
Calculate the greatest common factor of 273 and 195.
39
Calculate the highest common factor of 8327 and 11.
11
What is the greatest common divisor of 3402 and 108?
54
What is the highest common divisor of 129 and 129?
129
Calculate the greatest common divisor of 92 and 345.
23
What is the greatest common divisor of 202 and 5454?
202
Calculate the greatest common divisor of 40 and 30.
10
What is the greatest common factor of 44 and 1672?
44
What is the highest common factor of 8360 and 40?
40
What is the greatest common factor of 207 and 27?
9
Calculate the highest common divisor of 184 and 23.
23
What is the highest common factor of 80 and 80?
80
What is the highest common factor of 646 and 19?
19
What is the highest common factor of 126 and 1458?
18
What is the greatest common divisor of 51 and 969?
51
Calculate the greatest common factor of 248 and 8.
8
What is the greatest common factor of 153 and 81?
9
Calculate the greatest common divisor of 154 and 406.
14
What is the highest common factor of 87 and 29?
29
Calculate the greatest common divisor of 511 and 13067.
73
Calculate the highest common factor of 240 and 384.
48
What is the highest common factor of 46 and 161?
23
Calculate the highest common divisor of 539 and 245.
49
What is the highest common factor of 267 and 1?
1
Calculate the highest common divisor of 9911 and 374.
187
Calculate the highest common factor of 1 and 733.
1
Calculate the highest common factor of 988 and 76.
76
What is the highest common divisor of 210 and 350?
70
Calculate the greatest common factor of 8 and 1256.
8
Calculate the highest common divisor of 74 and 481.
37
What is the greatest common factor of 63 and 21?
21
Calculate the highest common divisor of 251 and 63001.
251
Calculate the highest common factor of 788 and 4.
4
Calculate the highest common divisor of 32 and 1544.
8
What is the greatest common divisor of 103 and 1648?
103
What is the greatest common factor of 3318 and 42?
42
What is the greatest common factor of 1116 and 62?
62
Calculate the highest common divisor of 2634 and 8.
2
Calculate the greatest common factor of 133 and 133.
133
Calculate the highest common divisor o